{"id":422,"date":"2016-03-25T14:41:43","date_gmt":"2016-03-25T14:41:43","guid":{"rendered":"http:\/\/storia.anticaoria.it\/?page_id=422"},"modified":"2018-07-25T12:04:19","modified_gmt":"2018-07-25T12:04:19","slug":"la-crociata","status":"publish","type":"page","link":"https:\/\/storia.anticaoria.it\/fr\/re-federico-ii-di-svevia\/la-crociata\/","title":{"rendered":"La croisade"},"content":{"rendered":"<div class=\"box_story\">\n<div class=\"story_box_text\">\n\t    <div id=\"attachment_465\" style=\"width: 310px\" class=\"wp-caption alignleft\"><img aria-describedby=\"caption-attachment-465\" decoding=\"async\" loading=\"lazy\" class=\"wp-image-465 size-medium\" src=\"\/wp-content\/uploads\/2016\/03\/pala039-300x233.jpg\" alt=\"Papa Gregorio IX\" width=\"300\" height=\"233\" srcset=\"https:\/\/storia.anticaoria.it\/wp-content\/uploads\/2016\/03\/pala039-300x233.jpg 300w, https:\/\/storia.anticaoria.it\/wp-content\/uploads\/2016\/03\/pala039.jpg 640w\" sizes=\"(max-width: 300px) 100vw, 300px\" \/><p id=\"caption-attachment-465\" class=\"wp-caption-text\">Le pape Gr\u00e9goire IX<\/p><\/div>\n<p>Le 25 Juillet 1215, le Svevo a \u00e9t\u00e9 couronn\u00e9 roi des Romains \u00e0 Aachen. Dans la m\u00eame occasion, il a \u00e9t\u00e9 engag\u00e9 dans une croisade. Rien se passe pendant des ann\u00e9es &#8211; avait \u00e9t\u00e9 couronn\u00e9 empereur quant \u00e0 lui \u00e0 Rome en Novembre 1220 &#8211; qui un nouveau pape, Gr\u00e9goire IX, en 1227 \u00e0 cause de ca qui l&#8217;avait excommuni\u00e9. Federico fut oblig\u00e9 de partir, mais la sienne fut une emprise particuli\u00e8re: au lieu de combattre il commen\u00e7a un longue n\u00e9gociations personnelles avec l&#8217;ennemi, le sultan d&#8217;Egypte, en obtenant la livraison de J\u00e9rusalem, Bethl\u00e9em, Nazareth et des garanties de mouvement pour les p\u00e8lerins. Au cours des n\u00e9gociations, il a entrenui des discussions philosophiques et scientifiques avec les savants musulmans, qui l&#8217;procura critique et accus de manque de foi.<\/p>\n<\/p><\/div>\n<\/div>\n","protected":false},"excerpt":{"rendered":"<p>Le 25 Juillet 1215, le Svevo a \u00e9t\u00e9 couronn\u00e9 roi des Romains \u00e0 Aachen. Dans la m\u00eame occasion, il a \u00e9t\u00e9 engag\u00e9 dans une croisade. Rien se passe pendant des ann\u00e9es &#8211; avait \u00e9t\u00e9 couronn\u00e9 empereur quant \u00e0 lui \u00e0 Rome en Novembre 1220 &#8211; qui un nouveau pape, Gr\u00e9goire IX, en 1227 \u00e0 cause [&hellip;]<\/p>\n","protected":false},"author":1,"featured_media":0,"parent":54,"menu_order":0,"comment_status":"closed","ping_status":"closed","template":"page-full-width.php","meta":[],"translation":{"provider":"WPGlobus","version":"2.12.0","language":"fr","enabled_languages":["it","en","es","de","fr"],"languages":{"it":{"title":true,"content":true,"excerpt":false},"en":{"title":true,"content":true,"excerpt":false},"es":{"title":true,"content":true,"excerpt":false},"de":{"title":true,"content":true,"excerpt":false},"fr":{"title":true,"content":true,"excerpt":false}}},"aioseo_notices":[],"_links":{"self":[{"href":"https:\/\/storia.anticaoria.it\/fr\/wp-json\/wp\/v2\/pages\/422"}],"collection":[{"href":"https:\/\/storia.anticaoria.it\/fr\/wp-json\/wp\/v2\/pages"}],"about":[{"href":"https:\/\/storia.anticaoria.it\/fr\/wp-json\/wp\/v2\/types\/page"}],"author":[{"embeddable":true,"href":"https:\/\/storia.anticaoria.it\/fr\/wp-json\/wp\/v2\/users\/1"}],"replies":[{"embeddable":true,"href":"https:\/\/storia.anticaoria.it\/fr\/wp-json\/wp\/v2\/comments?post=422"}],"version-history":[{"count":30,"href":"https:\/\/storia.anticaoria.it\/fr\/wp-json\/wp\/v2\/pages\/422\/revisions"}],"predecessor-version":[{"id":3516,"href":"https:\/\/storia.anticaoria.it\/fr\/wp-json\/wp\/v2\/pages\/422\/revisions\/3516"}],"up":[{"embeddable":true,"href":"https:\/\/storia.anticaoria.it\/fr\/wp-json\/wp\/v2\/pages\/54"}],"wp:attachment":[{"href":"https:\/\/storia.anticaoria.it\/fr\/wp-json\/wp\/v2\/media?parent=422"}],"curies":[{"name":"wp","href":"https:\/\/api.w.org\/{rel}","templated":true}]}}

<div class="box_story">
<div class="story_box_text">
	    <div id="attachment_465" style="width: 310px" class="wp-caption alignleft"><img aria-describedby="caption-attachment-465" decoding="async" loading="lazy" class="wp-image-465 size-medium" src="/wp-content/uploads/2016/03/pala039-300x233.jpg" alt="Papa Gregorio IX" width="300" height="233" srcset="https://storia.anticaoria.it/wp-content/uploads/2016/03/pala039-300x233.jpg 300w, https://storia.anticaoria.it/wp-content/uploads/2016/03/pala039.jpg 640w" sizes="(max-width: 300px) 100vw, 300px" /><p id="caption-attachment-465" class="wp-caption-text">Le pape Grégoire IX</p></div>
<p>Le 25 Juillet 1215, le Svevo a été couronné roi des Romains à Aachen. Dans la même occasion, il a été engagé dans une croisade. Rien se passe pendant des années &#8211; avait été couronné empereur quant à lui à Rome en Novembre 1220 &#8211; qui un nouveau pape, Grégoire IX, en 1227 à cause de ca qui l&#8217;avait excommunié. Federico fut obligé de partir, mais la sienne fut une emprise particulière: au lieu de combattre il commença un longue négociations personnelles avec l&#8217;ennemi, le sultan d&#8217;Egypte, en obtenant la livraison de Jérusalem, Bethléem, Nazareth et des garanties de mouvement pour les pèlerins. Au cours des négociations, il a entrenui des discussions philosophiques et scientifiques avec les savants musulmans, qui l&#8217;procura critique et accus de manque de foi.</p>
</p></div>
</div>

<p>Le 25 Juillet 1215, le Svevo a été couronné roi des Romains à Aachen. Dans la même occasion, il a été engagé dans une croisade. Rien se passe pendant des années &#8211; avait été couronné empereur quant à lui à Rome en Novembre 1220 &#8211; qui un nouveau pape, Grégoire IX, en 1227 à cause [&hellip;]</p>
