{"id":430,"date":"2016-03-25T14:43:55","date_gmt":"2016-03-25T14:43:55","guid":{"rendered":"http:\/\/storia.anticaoria.it\/?page_id=430"},"modified":"2018-07-25T10:18:46","modified_gmt":"2018-07-25T10:18:46","slug":"anticristo-o-messia","status":"publish","type":"page","link":"https:\/\/storia.anticaoria.it\/fr\/re-federico-ii-di-svevia\/anticristo-o-messia\/","title":{"rendered":"Anti-Christ ou Messie"},"content":{"rendered":"<div class=\"story_box\">\n<div class=\"story_box_text\">\n\t\t<div id=\"attachment_472\" style=\"width: 346px\" class=\"wp-caption alignleft\"><img aria-describedby=\"caption-attachment-472\" decoding=\"async\" loading=\"lazy\" class=\"wp-image-472\" src=\"\/wp-content\/uploads\/2016\/03\/DSC02993-300x225.jpg\" alt=\"Tomba di Federico II\" width=\"336\" height=\"252\" srcset=\"https:\/\/storia.anticaoria.it\/wp-content\/uploads\/2016\/03\/DSC02993-300x225.jpg 300w, https:\/\/storia.anticaoria.it\/wp-content\/uploads\/2016\/03\/DSC02993-768x576.jpg 768w, https:\/\/storia.anticaoria.it\/wp-content\/uploads\/2016\/03\/DSC02993.jpg 1000w\" sizes=\"(max-width: 336px) 100vw, 336px\" \/><p id=\"caption-attachment-472\" class=\"wp-caption-text\">Tombeau de Fr\u00e9d\u00e9ric II<\/p><\/div>\n<p>Depuis le d\u00e9but de la quarantaine autour de Federico a \u00e9t\u00e9 cr\u00e9\u00e9e une l\u00e9gende n\u00e9gative qui identifiait le Roi comme l&#8217;ennemi de Dieu, l&#8217;Ant\u00e9christ qui  devait \u00eatre combattu avec tous les moyens. De l\u2019autre c\u00f4t\u00e9 il y avait ceux qui ont vu  le Roi comme le Messie, envoy\u00e9 sur Terre par Dieu pour r\u00e9former l&#8217;\u00c9glise comme d\u00e9j\u00e0 avait tent\u00e9 de faire Fran\u00e7ois d&#8217;Assise. En r\u00e9alit\u00e9, Federico avait cultiv\u00e9 de nombreuses formes de authentique d\u00e9votion religieuse, et n\u2019a jamais mis en discussion l&#8217;institution papale. Mais il s\u2019est fortement oppos\u00e9 \u00e0 la primaut\u00e9 sur l&#8217;empire. L&#8217;empereur est mort en essayant de r\u00e9agir aux d\u00e9faites subies dans le nord de l&#8217;Italie. La fin est venue dans son lieu de s\u00e9jour pr\u00e9f\u00e9r\u00e9, Castel Fiorentino (pr\u00e8s de Foggia), le 13 D\u00e9cembre 1250. Son corps a \u00e9t\u00e9 transport\u00e9 \u00e0 Palerme et plac\u00e9 dans un sarcophage dans la cath\u00e9drale.<\/p>\n<\/p><\/div>\n<\/div>\n","protected":false},"excerpt":{"rendered":"<p>Depuis le d\u00e9but de la quarantaine autour de Federico a \u00e9t\u00e9 cr\u00e9\u00e9e une l\u00e9gende n\u00e9gative qui identifiait le Roi comme l&#8217;ennemi de Dieu, l&#8217;Ant\u00e9christ qui devait \u00eatre combattu avec tous les moyens. De l\u2019autre c\u00f4t\u00e9 il y avait ceux qui ont vu le Roi comme le Messie, envoy\u00e9 sur Terre par Dieu pour r\u00e9former l&#8217;\u00c9glise [&hellip;]<\/p>\n","protected":false},"author":1,"featured_media":0,"parent":54,"menu_order":0,"comment_status":"closed","ping_status":"closed","template":"page-full-width.php","meta":[],"translation":{"provider":"WPGlobus","version":"2.12.0","language":"fr","enabled_languages":["it","en","es","de","fr"],"languages":{"it":{"title":true,"content":true,"excerpt":false},"en":{"title":true,"content":true,"excerpt":false},"es":{"title":true,"content":true,"excerpt":false},"de":{"title":true,"content":true,"excerpt":false},"fr":{"title":true,"content":true,"excerpt":false}}},"aioseo_notices":[],"_links":{"self":[{"href":"https:\/\/storia.anticaoria.it\/fr\/wp-json\/wp\/v2\/pages\/430"}],"collection":[{"href":"https:\/\/storia.anticaoria.it\/fr\/wp-json\/wp\/v2\/pages"}],"about":[{"href":"https:\/\/storia.anticaoria.it\/fr\/wp-json\/wp\/v2\/types\/page"}],"author":[{"embeddable":true,"href":"https:\/\/storia.anticaoria.it\/fr\/wp-json\/wp\/v2\/users\/1"}],"replies":[{"embeddable":true,"href":"https:\/\/storia.anticaoria.it\/fr\/wp-json\/wp\/v2\/comments?post=430"}],"version-history":[{"count":24,"href":"https:\/\/storia.anticaoria.it\/fr\/wp-json\/wp\/v2\/pages\/430\/revisions"}],"predecessor-version":[{"id":3508,"href":"https:\/\/storia.anticaoria.it\/fr\/wp-json\/wp\/v2\/pages\/430\/revisions\/3508"}],"up":[{"embeddable":true,"href":"https:\/\/storia.anticaoria.it\/fr\/wp-json\/wp\/v2\/pages\/54"}],"wp:attachment":[{"href":"https:\/\/storia.anticaoria.it\/fr\/wp-json\/wp\/v2\/media?parent=430"}],"curies":[{"name":"wp","href":"https:\/\/api.w.org\/{rel}","templated":true}]}}

<div class="story_box">
<div class="story_box_text">
		<div id="attachment_472" style="width: 346px" class="wp-caption alignleft"><img aria-describedby="caption-attachment-472" decoding="async" loading="lazy" class="wp-image-472" src="/wp-content/uploads/2016/03/DSC02993-300x225.jpg" alt="Tomba di Federico II" width="336" height="252" srcset="https://storia.anticaoria.it/wp-content/uploads/2016/03/DSC02993-300x225.jpg 300w, https://storia.anticaoria.it/wp-content/uploads/2016/03/DSC02993-768x576.jpg 768w, https://storia.anticaoria.it/wp-content/uploads/2016/03/DSC02993.jpg 1000w" sizes="(max-width: 336px) 100vw, 336px" /><p id="caption-attachment-472" class="wp-caption-text">Tombeau de Frédéric II</p></div>
<p>Depuis le début de la quarantaine autour de Federico a été créée une légende négative qui identifiait le Roi comme l&#8217;ennemi de Dieu, l&#8217;Antéchrist qui  devait être combattu avec tous les moyens. De l’autre côté il y avait ceux qui ont vu  le Roi comme le Messie, envoyé sur Terre par Dieu pour réformer l&#8217;Église comme déjà avait tenté de faire François d&#8217;Assise. En réalité, Federico avait cultivé de nombreuses formes de authentique dévotion religieuse, et n’a jamais mis en discussion l&#8217;institution papale. Mais il s’est fortement opposé à la primauté sur l&#8217;empire. L&#8217;empereur est mort en essayant de réagir aux défaites subies dans le nord de l&#8217;Italie. La fin est venue dans son lieu de séjour préféré, Castel Fiorentino (près de Foggia), le 13 Décembre 1250. Son corps a été transporté à Palerme et placé dans un sarcophage dans la cathédrale.</p>
</p></div>
</div>

<p>Depuis le début de la quarantaine autour de Federico a été créée une légende négative qui identifiait le Roi comme l&#8217;ennemi de Dieu, l&#8217;Antéchrist qui devait être combattu avec tous les moyens. De l’autre côté il y avait ceux qui ont vu le Roi comme le Messie, envoyé sur Terre par Dieu pour réformer l&#8217;Église [&hellip;]</p>
